39?
37
Suppose -10*f + 538 + 982 = 0. What is the remainder when f is divided by 51?
50
Let m(p) = -p**3 - 2*p**2 - 10*p - 6. Calculate the remainder when 475 is divided by m(-5).
118
Let m(t) = -t**3 - 4*t**2 + 2*t - 7. Let g be m(-5). Let l = 65 + -63. Calculate the remainder when g/(-6)*(-63)/l is divided by 9.
6
Let g(q) = 100*q - 104. What is the remainder when g(3) is divided by 52?
40
Let m be 0/(0/5 - -1). Suppose -6*d + 150 = -m*d. Calculate the remainder when d is divided by 7.
4
Suppose -27*z = -37*z + 1110. What is the remainder when z is divided by 46?
19
Suppose j - 300 = -4*j. Calculate the remainder when j is divided by ((-4)/(-8))/(3 + (-250)/84).
18
Suppose -r + 4*r - 54 = 0. Suppose -108 = -4*h + 2*o, h + 5*o - 21 = -5. Suppose 0 = -2*m - h + 94. What is the remainder when m is divided by r?
16
Let x = 20 + -18. Let d be (-2)/2 + 6/x. Suppose -k + 4*l = -57, -1 = -d*k - 4*l + 113. Calculate the remainder when k is divided by 30.
27
Let s(q) = -4*q**2 - 48*q - 27. Calculate the remainder when 399 is divided by s(-8).
96
Let z(r) = r - 11. Let h be z(16). Suppose -d = -h*g - 9 - 1, d + 4 = -2*g. Let a = 27 + d. What is the remainder when a is divided by 15?
12
Let m = 75 - -60. What is the remainder when m is divided by (-137)/(-4) - (-2)/(-8)?
33
Suppose 5*o + 24 = 124. Calculate the remainder when o is divided by 5.
0
Suppose 0 = 3*w, -5*n - 4*w = -n - 16. Suppose 2*s - 5*v - 4 = -v, 2*s - 12 = -4*v. Suppose 25 + 43 = s*i. What is the remainder when i is divided by n?
1
Let u be 9/(-9) + -2 + 7. Suppose -5*v + 4*n = -4 - 11, -4*v = u*n - 12. What is the remainder when 8 is divided by v?
2
Let f(s) = -25*s**3 + 3*s**2 + 5*s + 4. What is the remainder when f(-1) is divided by 20?
7
Let f(b) = -2*b - 5. Let y(t) = -2*t + 9. Let d be y(7). Calculate the remainder when f(d) is divided by (1 + 2)/(9/12).
1
Suppose g - 31 = 3*b, 5*g - 2*b - 181 + 26 = 0. Calculate the remainder when 141 is divided by g.
17
Suppose 5*x + 4*k = 6*x - 88, -3*k - 264 = -3*x. Suppose 10*q + 5*u - 70 = 5*q, -16 = -q + u. Calculate the remainder when x is divided by q.
13
Suppose -3*w + 153 = 3*u - 111, -3*w + 352 = 4*u. Calculate the remainder when u is divided by 19.
12
Let v(o) = -10*o**3 - 2*o**2 - 3*o. Calculate the remainder when v(-2) is divided by (26 - -1) + -1 - -1.
24
Let f(y) = -20*y**2 + 4*y - 3. Let t be f(2). Let b = t + 89. Suppose 2*w = -4*h - 3*w + 151, -5*h + 200 = -5*w. Calculate the remainder when h is divided by b.
11
Let h(d) = -5*d + 200. Calculate the remainder when 143 is divided by h(23).
58
Let h(y) be the second derivative of -y**4/6 - 17*y**3/6 - 13*y**2/2 - 19*y. What is the remainder when 20 is divided by h(-7)?
4
Let q(k) = -4*k - 6*k**2 - 7 - 3*k**3 + k**3 + k**3. Suppose 0 = -3*l, -4*p + 8 - 32 = 4*l. Calculate the remainder when q(p) is divided by 6.
5
Suppose -3*u + 51 = -4*m, 5*m + 14 = 2*u - 13. Calculate the remainder when u is divided by 12.
9
Let l = 82 - 23. Let o = l + -11. What is the remainder when o is divided by 10?
8
Let u = 1301 + -1294. Let q be -2*7/((-7)/(-12)). Let j = -5 - q. What is the remainder when j is divided by u?
5
Let c = -1719 - -2465. What is the remainder when c is divided by 17?
15
Suppose -16*k + 108 = -7*k. What is the remainder when 274 is divided by k?
10
Let p(i) = 5*i - 2. Let a be 3 + (0 - 10/(-5)). Suppose -4*l = -t - 124, a*l + t - 123 = 23. What is the remainder when l is divided by p(2)?
6
Suppose 8*d - 58*d + 2603 = 87*d. Suppose 3*p + 0*p = -9. What is the remainder when (-1)/p - 442/(-6) is divided by d?
17
Let t(w) = 38*w**3 - 15*w**2 + 27*w + 6. Calculate the remainder when t(2) is divided by 80.
64
Let q(s) = -6*s + 65. What is the remainder when 148 is divided by q(-4)?
59
Suppose 4 = 3*u - 2*u. Let m(g) = -g + 9. What is the remainder when 18 is divided by m(u)?
3
Let n = -1020 + 1062. Calculate the remainder when 93 is divided by n.
9
Let m(n) be the third derivative of n**6/120 + 12*n**3 + 7*n**2. What is the remainder when m(0) is divided by 19?
15
Suppose -j + 28 = -6. Suppose 0*x = -2*x - 3*t + 26, 2*x + 5*t - j = 0. What is the remainder when 18 is divided by x?
4
Let w = 38 + -27. Calculate the remainder when 41 is divided by w.
8
Let q be (70/22 - 3) + 1846/11. Let l = q - 78. Calculate the remainder when l is divided by 47.
43
Suppose -41*i = -44*i, 4*d + 5*i - 588 = 0. What is the remainder when d is divided by 30?
27
Let x = 54 - 52. Suppose 0 = -4*y - x*b + 278, -5*y + 333 = 3*b - 12. Calculate the remainder when y is divided by 25.
22
Let l be (-2)/3*-6 + -1. Suppose 3*c + x - 77 = 0, c = 6*c + x - 127. What is the remainder when c is divided by ((-9)/l - -1)*-7?
11
What is the remainder when 88 is divided by ((-10)/(-15))/(0 - 8/(-372))?
26
What is the remainder when ((-28)/7 - 16/(-6))*-18 is divided by ((-45)/(-36))/(1/4)?
4
Let v(n) be the third derivative of -n**4/4 + 10*n**3/3 + 8*n**2. What is the remainder when v(-6) is divided by 12?
8
Let m(n) = -2*n**3 + 4*n**2 + 4*n + 2. Let j be m(-2). Let g be j/7 + (-2)/(-7). Suppose b - 9 + g = 0. What is the remainder when 9 is divided by b?
4
Let s be 0 + 1 - (6 - 9). Suppose -2*d - 4*i + 24 = 3*d, s*i = -d - 8. What is the remainder when 46 is divided by d?
6
Suppose c = 2*r + 40, 5*c - 14*r + 12*r = 168. Calculate the remainder when 364 is divided by c.
12
Let w be -2 + (-1 + 5)*4. Suppose -3*z = -w - 160. What is the remainder when z is divided by (2/(-4))/(21/(-1260))?
28
Suppose 0 = t + 3*t - 8. Let j be (-424)/(-24) + t/6. Suppose 3*k = 5*s - 12 + 80, -j = -k - 3*s. What is the remainder when 60 is divided by k?
18
Suppose 0 = 67*f - 3659 - 1232. What is the remainder when f is divided by 27?
19
Suppose 0 = 18*j - 17*j - 118. What is the remainder when j is divided by 26?
14
Let w = -18 + 146. What is the remainder when w is divided by 42?
2
Suppose 0*x = -3*x - 2*g - 6, 2*x - 15 = 5*g. Suppose x = 4*v - v + 57. Let n = 27 + v. Calculate the remainder when 30 is divided by n.
6
Let t(j) = -j + 8. Let n(d) = 60*d**2 + 2*d**3 - 60*d**2 - d - d**3. Calculate the remainder when t(-7) is divided by n(2).
3
Let m be (-39)/6*(-1 - -3). Let q = -12 - m. Suppose -f + q = -8. Calculate the remainder when 17 is divided by f.
8
Suppose h = 5*c - 10, -3*h - 4*c + 27 = -0*h. Suppose h*k = -k + 102. Calculate the remainder when k is divided by 9.
8
Let q = 1164 - 1137. Let s(g) = -6*g**2 + 2*g + 1. Let t be s(-2). Calculate the remainder when q is divided by (-384)/t + (-4)/18.
13
Suppose 61 = -2*v + 7*v - j, 5*v + 2*j - 73 = 0. What is the remainder when v is divided by 8?
5
Suppose 0 = -5*k - 3*h + 55 + 176, 0 = -k + 4*h + 60. What is the remainder when 5181 is divided by k?
45
Let s = -2163 + 2191. Calculate the remainder when 2/(-1) - (1 - 56) is divided by s.
25
Suppose -x + 0 - 1 = -3*a, -5*a = -x - 5. Suppose -2*w = a*w. Suppose 4*n + 3*p = 119, 2*n + w*n = -p + 57. Calculate the remainder when n is divided by 9.
8
Calculate the remainder when 29 is divided by ((-4)/(-6))/(64/(-144))*-6.
2
Let c(k) = 43*k + 197. What is the remainder when 69 is divided by c(-4)?
19
Let n(a) = -2*a**2 - 14*a + 160. What is the remainder when 16 is divided by n(-13)?
0
Suppose -4*h + 90 = -114. What is the remainder when h is divided by 18?
15
Let q(r) = r**3 + 7*r**2 + 6*r - 6. Suppose 19 = -5*y - 11. Let z be q(y). Calculate the remainder when 18 is divided by (-2 - -7)/((-3)/z).
8
Let z(m) = -2*m**3 - 3*m**2. What is the remainder when z(-2) is divided by 4?
0
Suppose 1970 = 3*h + 1625. Let b be 34/(4 - 2) - 0. Suppose -133 + b = -4*d. Calculate the remainder when h is divided by d.
28
Calculate the remainder when 95 - (2/8 + 21/28) is divided by 42.
10
What is the remainder when 171 is divided by (-2)/(-5) + 15330/175?
83
Let y = 13 + -12. What is the remainder when (9/(-6) + 3)/(y/24) is divided by 13?
10
Calculate the remainder when 199 is divided by (-13 - -9)/((-2)/10).
19
Suppose 13*g = 416 + 1001. What is the remainder when g is divided by 24?
13
Let s = 63 + -26. Let f be (1412/10)/1 - (-428)/535. Suppose -31*v + 33*v = f. Calculate the remainder when v is divided by s.
34
Let y(h) = 12*h - 21. What is the remainder when y(6) is divided by 20?
11
Suppose -2*z - 5 + 15 = 0. Let h(a) = 11*a + 4. Let u be h(-3). L